{"id":1637,"date":"2019-04-01T10:25:28","date_gmt":"2019-04-01T10:25:28","guid":{"rendered":"http:\/\/avantage.omnicom-dev.com\/business\/?page_id=1637"},"modified":"2020-09-17T18:28:15","modified_gmt":"2020-09-17T15:28:15","slug":"services","status":"publish","type":"page","link":"http:\/\/www.omercam.com.tr\/?page_id=1637","title":{"rendered":"E\u011fitimler"},"content":{"rendered":"<div class=\"bt_bb_wrapper\"><section id=\"bt_bb_section6a04dd57c5e2a\"  data-background_image_src=\"'http:\/\/www.omercam.com.tr\/wp-content\/uploads\/2019\/04\/bgn-industries.png'\" class=\"bt_bb_section bt_bb_top_spacing_large bt_bb_bottom_spacing_large bt_bb_layout_boxed_1200 bt_bb_vertical_align_top btLazyLoadBackground bt_bb_background_image\" style=\"background-image:url(&#039;http:\/\/www.omercam.com.tr\/wp-content\/plugins\/bold-page-builder\/img\/blank.gif&#039;);background-position:center;background-size:contain;\"><div class=\"bt_bb_port\"><div class=\"bt_bb_cell\"><div class=\"bt_bb_cell_inner\"><div class=\"bt_bb_row_wrapper\"><div  class=\"bt_bb_row\" ><div  class=\"bt_bb_column col-md-2 col-sm-4 col-ms-12 bt_bb_align_left bt_bb_vertical_align_top bt_bb_padding_normal\"  data-width=\"2\"><div class=\"bt_bb_column_content\"><\/div><\/div><div  class=\"bt_bb_column col-md-8 col-ms-12 bt_bb_align_center bt_bb_vertical_align_top bt_bb_animation_fade_in move_up animate bt_bb_padding_normal\"  data-width=\"8\"><div class=\"bt_bb_column_content\"><header class=\"bt_bb_headline bt_bb_dash_top bt_bb_size_large bt_bb_align_inherit\"><h2><span class=\"bt_bb_headline_content\"><span><u>E\u011fitim, Dan\u0131\u015fmanl\u0131k<\/u> ve <b>Ko\u00e7luk<\/b><\/span><\/span><\/h2><\/header><div class=\"bt_bb_separator bt_bb_bottom_spacing_medium bt_bb_border_style_none\"><\/div><\/div><\/div><div  class=\"bt_bb_column col-md-2 col-sm-4 col-ms-12 bt_bb_align_left bt_bb_vertical_align_top bt_bb_padding_normal\"  data-width=\"2\"><div class=\"bt_bb_column_content\"><\/div><\/div><\/div><\/div><div class=\"bt_bb_row_wrapper\"><div  class=\"bt_bb_row bt_bb_column_gap_10\" ><div  class=\"bt_bb_column col-md-4 col-ms-12 bt_bb_align_left bt_bb_vertical_align_top bt_bb_animation_fade_in animate bt_bb_padding_text_indent bt_bb_highlight\" style=\"margin-bottom: 20px;\" data-width=\"4\"><div class=\"bt_bb_column_content\" style=\"background-color:rgba(255, 255, 255, 1);\"><div class=\"bt_bb_image bt_bb_shape_square bt_bb_align_inherit bt_bb_hover_style_simple bt_bb_content_display_show-on-hover bt_bb_content_align_bottom bt_bb_content_exists\"><a href=\"?p=2363\"  target=\"_self\" title=\"mindfulness\"><img src = \"http:\/\/www.omercam.com.tr\/wp-content\/plugins\/bold-page-builder\/img\/blank.gif\" data-full_image_src=\"http:\/\/www.omercam.com.tr\/wp-content\/uploads\/2020\/07\/mindfulness.jpg\" data-image_src=\"http:\/\/www.omercam.com.tr\/wp-content\/uploads\/2020\/07\/mindfulness.jpg\" title=\"mindfulness\" alt=\"http:\/\/www.omercam.com.tr\/wp-content\/uploads\/2020\/07\/mindfulness.jpg\" class=\"btLazyLoadImage\"><\/a><div class=\"bt_bb_image_content\" style=\"background-color: rgba(233, 77, 101, 0.8);\"><div class=\"bt_bb_image_content_flex\"><div class=\"bt_bb_image_content_inner\"><div class=\"bt_bb_button bt_bb_icon_position_right bt_bb_color_scheme_11 bt_bb_style_clean bt_bb_size_normal bt_bb_width_inline bt_bb_shape_inherit bt_bb_align_inherit\"><a href=\"?p=2363\" target=\"_self\" class=\"bt_bb_link\" title=\"Devam\u0131n\u0131 Oku\"><span class=\"bt_bb_button_text\">Devam\u0131n\u0131 Oku<\/span><span  data-ico-fontawesome=\"&#xf101;\" class=\"bt_bb_icon_holder\"><\/span><\/a><\/div><\/div><\/div><\/div><\/div><div class=\"bt_bb_separator bt_bb_bottom_spacing_normal bt_bb_border_style_none\"><\/div><header class=\"bt_bb_headline bt_bb_dash_none bt_bb_size_normal bt_bb_subheadline bt_bb_align_inherit\"><h4><span class=\"bt_bb_headline_content\"><span><u>MINDFULNESS NED\u0130R?<\/u><\/span><\/span><\/h4><div class=\"bt_bb_headline_subheadline\">Mindfulness dikkatimizi tarafs\u0131z ve nazik bir \u015fekilde y\u00f6netme becerisidir.<\/div><\/header><div class=\"bt_bb_button bt_bb_icon_position_left bt_bb_style_clean bt_bb_size_small bt_bb_width_full bt_bb_shape_inherit bt_bb_align_inherit\"><a href=\"?p=2363\" target=\"_self\" class=\"bt_bb_link\" title=\"Devam\u0131n\u0131 Oku\"><span class=\"bt_bb_button_text\">Devam\u0131n\u0131 Oku<\/span><\/a><\/div><div class=\"bt_bb_separator bt_bb_bottom_spacing_normal bt_bb_border_style_none\"><\/div><\/div><\/div><div  class=\"bt_bb_column col-md-4 col-ms-12 bt_bb_align_left bt_bb_vertical_align_top bt_bb_animation_fade_in animate bt_bb_padding_text_indent bt_bb_highlight\" style=\"margin-bottom: 20px;\" data-width=\"4\"><div class=\"bt_bb_column_content\" style=\"background-color:rgba(255, 255, 255, 1);\"><div class=\"bt_bb_image bt_bb_shape_square bt_bb_align_inherit bt_bb_hover_style_simple bt_bb_content_display_show-on-hover bt_bb_content_align_bottom bt_bb_content_exists\"><a href=\"?p=2370\"  target=\"_self\" title=\"nlp\"><img src = \"http:\/\/www.omercam.com.tr\/wp-content\/plugins\/bold-page-builder\/img\/blank.gif\" data-full_image_src=\"http:\/\/www.omercam.com.tr\/wp-content\/uploads\/2020\/07\/nlp.jpg\" data-image_src=\"http:\/\/www.omercam.com.tr\/wp-content\/uploads\/2020\/07\/nlp.jpg\" title=\"nlp\" alt=\"http:\/\/www.omercam.com.tr\/wp-content\/uploads\/2020\/07\/nlp.jpg\" class=\"btLazyLoadImage\"><\/a><div class=\"bt_bb_image_content\" style=\"background-color: rgba(233, 77, 101, 0.8);\"><div class=\"bt_bb_image_content_flex\"><div class=\"bt_bb_image_content_inner\"><div class=\"bt_bb_button bt_bb_icon_position_right bt_bb_color_scheme_11 bt_bb_style_clean bt_bb_size_small bt_bb_width_inline bt_bb_shape_inherit bt_bb_align_inherit\"><a href=\"?p=2370\" target=\"_self\" class=\"bt_bb_link\" title=\"Devam\u0131n\u0131 Oku\"><span class=\"bt_bb_button_text\">Devam\u0131n\u0131 Oku<\/span><span  data-ico-fontawesome=\"&#xf101;\" class=\"bt_bb_icon_holder\"><\/span><\/a><\/div><\/div><\/div><\/div><\/div><div class=\"bt_bb_separator bt_bb_bottom_spacing_normal bt_bb_border_style_none\"><\/div><header class=\"bt_bb_headline bt_bb_dash_none bt_bb_size_normal bt_bb_subheadline bt_bb_align_inherit\"><h4><span class=\"bt_bb_headline_content\"><span><u>NLP (Neuro Linguistic Programming)<\/u><\/span><\/span><\/h4><div class=\"bt_bb_headline_subheadline\">NLP, ya\u015fam\u0131m\u0131zda \u00fczerinde d\u00fc\u015f\u00fcnmeden, otomatik olarak ger\u00e7ekle\u015ftirmi\u015f oldu\u011fumuz alg\u0131lama,d\u00fc\u015f\u00fcnme ve davran\u0131\u015f s\u00fcre\u00e7lerini...<\/div><\/header><div class=\"bt_bb_button bt_bb_icon_position_left bt_bb_style_clean bt_bb_size_small bt_bb_width_full bt_bb_shape_inherit bt_bb_align_inherit\"><a href=\"?p=2370\" target=\"_self\" class=\"bt_bb_link\" title=\"Devam\u0131n\u0131 Oku\"><span class=\"bt_bb_button_text\">Devam\u0131n\u0131 Oku<\/span><\/a><\/div><div class=\"bt_bb_separator bt_bb_bottom_spacing_normal bt_bb_border_style_none\"><\/div><\/div><\/div><div  class=\"bt_bb_column col-md-4 col-ms-12 bt_bb_align_left bt_bb_vertical_align_top bt_bb_animation_fade_in animate bt_bb_padding_text_indent bt_bb_highlight\" style=\"margin-bottom: 20px;\" data-width=\"4\"><div class=\"bt_bb_column_content\" style=\"background-color:rgba(255, 255, 255, 1);\"><div class=\"bt_bb_image bt_bb_shape_square bt_bb_align_inherit bt_bb_hover_style_simple bt_bb_content_display_show-on-hover bt_bb_content_align_bottom bt_bb_content_exists\"><a href=\"?p=2371\"  target=\"_self\" title=\"degisim-atolyesi\"><img src = \"http:\/\/www.omercam.com.tr\/wp-content\/plugins\/bold-page-builder\/img\/blank.gif\" data-full_image_src=\"http:\/\/www.omercam.com.tr\/wp-content\/uploads\/2020\/08\/degisim-atolyesi.jpg\" data-image_src=\"http:\/\/www.omercam.com.tr\/wp-content\/uploads\/2020\/08\/degisim-atolyesi.jpg\" title=\"degisim-atolyesi\" alt=\"http:\/\/www.omercam.com.tr\/wp-content\/uploads\/2020\/08\/degisim-atolyesi.jpg\" class=\"btLazyLoadImage\"><\/a><div class=\"bt_bb_image_content\" style=\"background-color: rgba(233, 77, 101, 0.8);\"><div class=\"bt_bb_image_content_flex\"><div class=\"bt_bb_image_content_inner\"><div class=\"bt_bb_button bt_bb_icon_position_right bt_bb_color_scheme_11 bt_bb_style_clean bt_bb_size_small bt_bb_width_inline bt_bb_shape_inherit bt_bb_align_inherit\"><a href=\"?p=2371\" target=\"_self\" class=\"bt_bb_link\" title=\"Devam\u0131n\u0131 Oku\"><span class=\"bt_bb_button_text\">Devam\u0131n\u0131 Oku<\/span><span  data-ico-fontawesome=\"&#xf101;\" class=\"bt_bb_icon_holder\"><\/span><\/a><\/div><\/div><\/div><\/div><\/div><div class=\"bt_bb_separator bt_bb_bottom_spacing_normal bt_bb_border_style_none\"><\/div><header class=\"bt_bb_headline bt_bb_dash_none bt_bb_size_normal bt_bb_subheadline bt_bb_align_inherit\"><h4><span class=\"bt_bb_headline_content\"><span><u>De\u011fi\u015fim At\u00f6lyesi<\/u><\/span><\/span><\/h4><div class=\"bt_bb_headline_subheadline\">De\u011fi\u015fim, Evrensel bir yasa olarak ya\u015fam\u0131n devaml\u0131l\u0131\u011f\u0131nda \u00e7ok \u00f6nemli bir rol oynuyor. De\u011fi\u015fim i\u00e7in fark\u0131ndal\u0131k yakalamak g\u00fcn\u00fcm\u00fcz ko\u015fullar\u0131nda \u00e7ok zor gibi g\u00f6r\u00fcnse de do\u011fru ad\u0131mlar at\u0131ld\u0131\u011f\u0131nda \u00e7ok kolay hale gelebiliyor. AMA\u00c7: Ya\u015fam kalitesini art\u0131rmak, istenmeyen al\u0131\u015fkanl\u0131klardan kurtulmak, kendini tan\u0131mak ve hakkedilen m\u00fckemmel ya\u015fam \u015fartlar\u0131n\u0131 ...<\/div><\/header><div class=\"bt_bb_button bt_bb_icon_position_left bt_bb_style_clean bt_bb_size_small bt_bb_width_full bt_bb_shape_inherit bt_bb_align_inherit\"><a href=\"?p=2371\" target=\"_self\" class=\"bt_bb_link\" title=\"Devam\u0131n\u0131 Oku\"><span class=\"bt_bb_button_text\">Devam\u0131n\u0131 Oku<\/span><\/a><\/div><div class=\"bt_bb_separator bt_bb_bottom_spacing_normal bt_bb_border_style_none\"><\/div><\/div><\/div><\/div><\/div><div class=\"bt_bb_row_wrapper\"><div  class=\"bt_bb_row bt_bb_column_gap_10\" ><div  class=\"bt_bb_column col-md-6 col-sm-12 bt_bb_align_left bt_bb_vertical_align_top bt_bb_animation_fade_in animate bt_bb_padding_text_indent bt_bb_highlight\" style=\"margin-bottom: 20px;\" data-width=\"6\"><div class=\"bt_bb_column_content\" style=\"background-color:rgba(255, 255, 255, 1);\"><div class=\"bt_bb_image bt_bb_shape_square bt_bb_align_inherit bt_bb_hover_style_simple bt_bb_content_display_show-on-hover bt_bb_content_align_bottom bt_bb_content_exists\"><a href=\"?p=2373\"  target=\"_self\" title=\"Zen-Bakis-Acisiyla-Yasam-ev-Thaichi\"><img src = \"http:\/\/www.omercam.com.tr\/wp-content\/plugins\/bold-page-builder\/img\/blank.gif\" data-full_image_src=\"http:\/\/www.omercam.com.tr\/wp-content\/uploads\/2020\/08\/Zen-Bakis-Acisiyla-Yasam-ev-Thaichi.jpg\" data-image_src=\"http:\/\/www.omercam.com.tr\/wp-content\/uploads\/2020\/08\/Zen-Bakis-Acisiyla-Yasam-ev-Thaichi.jpg\" title=\"Zen-Bakis-Acisiyla-Yasam-ev-Thaichi\" alt=\"http:\/\/www.omercam.com.tr\/wp-content\/uploads\/2020\/08\/Zen-Bakis-Acisiyla-Yasam-ev-Thaichi.jpg\" class=\"btLazyLoadImage\"><\/a><div class=\"bt_bb_image_content\" style=\"background-color: rgba(233, 77, 101, 0.8);\"><div class=\"bt_bb_image_content_flex\"><div class=\"bt_bb_image_content_inner\"><div class=\"bt_bb_button bt_bb_icon_position_right bt_bb_color_scheme_11 bt_bb_style_clean bt_bb_size_small bt_bb_width_inline bt_bb_shape_inherit bt_bb_align_inherit\"><a href=\"?p=2373\" target=\"_self\" class=\"bt_bb_link\" title=\"Devam\u0131n\u0131 Oku\"><span class=\"bt_bb_button_text\">Devam\u0131n\u0131 Oku<\/span><span  data-ico-fontawesome=\"&#xf101;\" class=\"bt_bb_icon_holder\"><\/span><\/a><\/div><\/div><\/div><\/div><\/div><div class=\"bt_bb_separator bt_bb_bottom_spacing_normal bt_bb_border_style_none\"><\/div><header class=\"bt_bb_headline bt_bb_dash_none bt_bb_size_normal bt_bb_subheadline bt_bb_align_inherit\"><h4><span class=\"bt_bb_headline_content\"><span><u>Zen At\u00f6lyesi<\/u><\/span><\/span><\/h4><div class=\"bt_bb_headline_subheadline\">Zen bir meditasyon ve hakik\u00e2ti bulma yolculu\u011fudur. B\u00fct\u00fcn kirlerden ve d\u00fcnya i\u015flerinden ar\u0131narak ger\u00e7ek \u00f6z\u00fcn\u00fc bularak kendini tan\u0131ma ve bilme sanat\u0131d\u0131r\u2026 Klasik zihinle d\u00fcnyay\u0131 ve yarat\u0131l\u0131\u015f\u0131 anlama \u00e7abas\u0131n\u0131n \u00e7ok \u00f6tesindedir. Ancak fark\u0131ndal\u0131\u011fa ula\u015fanlar Zen ile yol alabilir.... Bir \u00fcniversite profes\u00f6r\u00fc \u00fcnl\u00fc bir zen \u00fcstad\u0131n\u0131 ziyarete gider ve ona zen \u00f6\u011fretmesini ister.<\/div><\/header><div class=\"bt_bb_button bt_bb_icon_position_left bt_bb_style_clean bt_bb_size_small bt_bb_width_full bt_bb_shape_inherit bt_bb_align_inherit\"><a href=\"?p=2373\" target=\"_self\" class=\"bt_bb_link\" title=\"Devam\u0131n\u0131 Oku\"><span class=\"bt_bb_button_text\">Devam\u0131n\u0131 Oku<\/span><\/a><\/div><div class=\"bt_bb_separator bt_bb_bottom_spacing_normal bt_bb_border_style_none\"><\/div><\/div><\/div><div  class=\"bt_bb_column col-md-6 col-sm-12 bt_bb_align_left bt_bb_vertical_align_top bt_bb_animation_fade_in animate bt_bb_padding_text_indent bt_bb_highlight\" style=\"margin-bottom: 20px;\" data-width=\"6\"><div class=\"bt_bb_column_content\" style=\"background-color:rgba(255, 255, 255, 1);\"><div class=\"bt_bb_image bt_bb_shape_square bt_bb_align_inherit bt_bb_hover_style_simple bt_bb_content_display_show-on-hover bt_bb_content_align_bottom bt_bb_content_exists\"><a href=\"?p=2374\"  target=\"_self\" title=\"yasam-koclugu\"><img src = \"http:\/\/www.omercam.com.tr\/wp-content\/plugins\/bold-page-builder\/img\/blank.gif\" data-full_image_src=\"http:\/\/www.omercam.com.tr\/wp-content\/uploads\/2020\/08\/yasam-koclugu.jpg\" data-image_src=\"http:\/\/www.omercam.com.tr\/wp-content\/uploads\/2020\/08\/yasam-koclugu.jpg\" title=\"yasam-koclugu\" alt=\"http:\/\/www.omercam.com.tr\/wp-content\/uploads\/2020\/08\/yasam-koclugu.jpg\" class=\"btLazyLoadImage\"><\/a><div class=\"bt_bb_image_content\" style=\"background-color: rgba(233, 77, 101, 0.8);\"><div class=\"bt_bb_image_content_flex\"><div class=\"bt_bb_image_content_inner\"><div class=\"bt_bb_button bt_bb_icon_position_right bt_bb_color_scheme_11 bt_bb_style_clean bt_bb_size_small bt_bb_width_inline bt_bb_shape_inherit bt_bb_align_inherit\"><a href=\"?p=2374\" target=\"_self\" class=\"bt_bb_link\" title=\"Devam\u0131n\u0131 Oku\"><span class=\"bt_bb_button_text\">Devam\u0131n\u0131 Oku<\/span><span  data-ico-fontawesome=\"&#xf101;\" class=\"bt_bb_icon_holder\"><\/span><\/a><\/div><\/div><\/div><\/div><\/div><div class=\"bt_bb_separator bt_bb_bottom_spacing_normal bt_bb_border_style_none\"><\/div><header class=\"bt_bb_headline bt_bb_dash_none bt_bb_size_normal bt_bb_subheadline bt_bb_align_inherit\"><h4><span class=\"bt_bb_headline_content\"><span><u>Ya\u015fam Ko\u00e7lu\u011fu<\/u><\/span><\/span><\/h4><div class=\"bt_bb_headline_subheadline\">Ko\u00e7luk son y\u0131llar\u0131n en g\u00f6zde mesleklerinden birisi. Bir ya\u015fam ko\u00e7u \u00f6ncelikle dan\u0131\u015fan\u0131 \u00e7ok iyi analiz ederek, dan\u0131\u015fan\u0131n zihin yap\u0131s\u0131n\u0131 ve nas\u0131l d\u00fc\u015f\u00fcnd\u00fc\u011f\u00fcn\u00fc anlar. Dan\u0131\u015fan\u0131n ki\u015filik haritas\u0131n\u0131 \u00e7\u0131kartarak, do\u011fru ve yanl\u0131\u015flar\u0131n\u0131 g\u00f6rmesine yard\u0131mc\u0131 olur. Ya\u015fam ko\u00e7u, dan\u0131\u015fan\u0131n kendini yeniden \u015fekillendirme s\u00fcrecinde yol haritas\u0131 \u00e7izer. Dan\u0131\u015fan\u0131n\u0131 b\u00fcy\u00fck bir ilgi ve dikkatle dinler. Dan\u0131\u015fan\u0131n elindeki kartlar\u0131 al\u0131p, ...<\/div><\/header><div class=\"bt_bb_button bt_bb_icon_position_left bt_bb_style_clean bt_bb_size_small bt_bb_width_full bt_bb_shape_inherit bt_bb_align_inherit\"><a href=\"?p=2374\" target=\"_self\" class=\"bt_bb_link\" title=\"Devam\u0131n\u0131 Oku\"><span class=\"bt_bb_button_text\">Devam\u0131n\u0131 Oku<\/span><\/a><\/div><div class=\"bt_bb_separator bt_bb_bottom_spacing_normal bt_bb_border_style_none\"><\/div><\/div><\/div><\/div><\/div><div class=\"bt_bb_row_wrapper\"><div  class=\"bt_bb_row bt_bb_column_gap_10\" ><\/div><\/div><\/div><\/div><\/div><\/section><\/div>","protected":false},"excerpt":{"rendered":"<p>Interactively procrastinate high-payoff content without backward-compatible data. Quickly cultivate optimal processes and tactical architectures. Completely iterate covalent strategic theme areas via accurate e-markets.<\/p>\n","protected":false},"author":1,"featured_media":1823,"parent":0,"menu_order":0,"comment_status":"closed","ping_status":"closed","template":"","meta":[],"_links":{"self":[{"href":"http:\/\/www.omercam.com.tr\/index.php?rest_route=\/wp\/v2\/pages\/1637"}],"collection":[{"href":"http:\/\/www.omercam.com.tr\/index.php?rest_route=\/wp\/v2\/pages"}],"about":[{"href":"http:\/\/www.omercam.com.tr\/index.php?rest_route=\/wp\/v2\/types\/page"}],"author":[{"embeddable":true,"href":"http:\/\/www.omercam.com.tr\/index.php?rest_route=\/wp\/v2\/users\/1"}],"replies":[{"embeddable":true,"href":"http:\/\/www.omercam.com.tr\/index.php?rest_route=%2Fwp%2Fv2%2Fcomments&post=1637"}],"version-history":[{"count":20,"href":"http:\/\/www.omercam.com.tr\/index.php?rest_route=\/wp\/v2\/pages\/1637\/revisions"}],"predecessor-version":[{"id":2479,"href":"http:\/\/www.omercam.com.tr\/index.php?rest_route=\/wp\/v2\/pages\/1637\/revisions\/2479"}],"wp:featuredmedia":[{"embeddable":true,"href":"http:\/\/www.omercam.com.tr\/index.php?rest_route=\/wp\/v2\/media\/1823"}],"wp:attachment":[{"href":"http:\/\/www.omercam.com.tr\/index.php?rest_route=%2Fwp%2Fv2%2Fmedia&parent=1637"}],"curies":[{"name":"wp","href":"https:\/\/api.w.org\/{rel}","templated":true}]}}